ime factors of 276848?
2, 11, 13
List the prime factors of 105027.
3, 13, 2693
List the prime factors of 2646674.
2, 1323337
List the prime factors of 1592315.
5, 31, 10273
What are the prime factors of 3149282?
2, 47, 33503
What are the prime factors of 239340?
2, 3, 5, 3989
List the prime factors of 204227.
331, 617
What are the prime factors of 17352014?
2, 151, 57457
List the prime factors of 1200308.
2, 109, 2753
What are the prime factors of 497706?
2, 3, 11, 7541
List the prime factors of 914591.
914591
What are the prime factors of 10889632?
2, 13, 26177
List the prime factors of 28761421.
13, 19, 116443
List the prime factors of 1354807.
67, 73, 277
What are the prime factors of 2453330?
2, 5, 11, 22303
List the prime factors of 37688111.
1153, 32687
List the prime factors of 263883.
3, 87961
List the prime factors of 3390677.
431, 7867
What are the prime factors of 12990224?
2, 13, 19, 173
What are the prime factors of 388462?
2, 43, 4517
List the prime factors of 4220181.
3, 7, 827
What are the prime factors of 12652676?
2, 3163169
List the prime factors of 1831793.
631, 2903
List the prime factors of 313456.
2, 11, 13, 137
List the prime factors of 437525.
5, 11, 37, 43
What are the prime factors of 3671007?
3, 23, 83, 641
What are the prime factors of 113417?
113417
What are the prime factors of 339295?
5, 11, 31, 199
What are the prime factors of 60005?
5, 11, 1091
What are the prime factors of 315097?
315097
List the prime factors of 57990.
2, 3, 5, 1933
List the prime factors of 5509780.
2, 5, 275489
What are the prime factors of 2092501?
2092501
What are the prime factors of 610099?
7, 12451
What are the prime factors of 2238999?
3, 7, 106619
List the prime factors of 7204010.
2, 5, 11, 79, 829
List the prime factors of 152555.
5, 13, 2347
List the prime factors of 5158571.
11, 277, 1693
What are the prime factors of 1735165?
5, 347033
List the prime factors of 34574474.
2, 11, 23, 68329
What are the prime factors of 159304?
2, 19913
What are the prime factors of 9097483?
229, 39727
List the prime factors of 6923749.
7, 141301
What are the prime factors of 89088?
2, 3, 29
What are the prime factors of 467794?
2, 67, 3491
List the prime factors of 2506513.
43, 71, 821
What are the prime factors of 52343?
17, 3079
List the prime factors of 69464.
2, 19, 457
List the prime factors of 1313340.
2, 3, 5, 7, 53, 59
What are the prime factors of 16288009?
181, 89989
List the prime factors of 688037.
7, 227, 433
List the prime factors of 262507.
7, 37501
What are the prime factors of 225510?
2, 3, 5, 7517
List the prime factors of 2777504.
2, 29, 41, 73
List the prime factors of 1404956.
2, 7, 50177
List the prime factors of 20442827.
20442827
List the prime factors of 503981.
47, 10723
What are the prime factors of 1657482?
2, 3, 276247
What are the prime factors of 562644?
2, 3, 15629
What are the prime factors of 129260?
2, 5, 23, 281
List the prime factors of 4341375.
3, 5, 17, 227
What are the prime factors of 9659314?
2, 7, 689951
List the prime factors of 1506923.
11, 136993
What are the prime factors of 1022049?
3, 7, 16223
What are the prime factors of 283776?
2, 3, 739
What are the prime factors of 93879?
3, 19, 61
List the prime factors of 133785.
3, 5, 991
What are the prime factors of 3304623?
3, 7, 157363
What are the prime factors of 11057576?
2, 31, 44587
List the prime factors of 30905.
5, 7, 883
List the prime factors of 139342.
2, 7, 37, 269
What are the prime factors of 1134639?
3, 11, 73, 157
List the prime factors of 5261250.
2, 3, 5, 23, 61
List the prime factors of 4081863.
3, 31, 43891
List the prime factors of 546208.
2, 13, 101
List the prime factors of 21571554.
2, 3, 617, 5827
List the prime factors of 13106790.
2, 3, 5, 137, 1063
What are the prime factors of 43891?
43891
What are the prime factors of 781727?
31, 151, 167
List the prime factors of 3642037.
7, 520291
What are the prime factors of 279334?
2, 11, 12697
What are the prime factors of 23412?
2, 3, 1951
List the prime factors of 38255.
5, 7, 1093
What are the prime factors of 2992904?
2, 61, 6133
List the prime factors of 3499041.
3, 7, 13, 1831
What are the prime factors of 156169?
13, 41, 293
List the prime factors of 1780596.
2, 3, 16487
What are the prime factors of 2095117?
2095117
List the prime factors of 721437.
3, 240479
What are the prime factors of 8863654?
2, 4431827
List the prime factors of 2691578.
2, 19, 193, 367
What are the prime factors of 105320?
2, 5, 2633
List the prime factors of 10980332.
2, 11, 163, 1531
List the prime factors of 1851968.
2, 19, 1523
What are the prime factors of 3101627?
83, 37369
What are the prime factors of 9315?
3, 5, 23
List the prime factors of 15270245.
5, 41, 74489
List the prime factors of 1113154.
2, 7, 23, 3457
List the prime factors of 2863804.
2, 47, 15233
What are the prime factors of 21682773?
3, 7, 344171
List the prime factors of 183138.
2, 3, 131, 233
List the prime factors of 947149.
7, 269, 503
What are the prime factors of 7504118?
2, 23, 37, 4409
List the prime factors of 108988.
2, 11, 2477
List the prime factors of 226326.
2, 3, 67, 563
What are the prime factors of 3788266?
2, 463, 4091
List the prime factors of 889771.
311, 2861
What are the prime factors of 40942453?
40942453
List the prime factors of 1801993.
179, 10067
What are the prime factors of 153939?
3, 23, 97
What are the prime factors of 6338242?
2, 3169121
List the prime factors of 5598667.
5598667
List the prime factors of 102535.
5, 20507
List the prime factors of 844634.
2, 7, 60331
List the prime factors of 525221.
525221
List the prime factors of 608640.
2, 3, 5, 317
What are the prime factors of 302279?
302279
List the prime factors of 225846.
2, 3, 12547
What are the prime factors of 14319973?
367, 39019
What are the prime factors of 3303084?
2, 3, 409, 673
What are the prime factors of 782948?
2, 195737
What are the prime factors of 9323651?
401, 23251
What are the prime factors of 1188732?
2, 3, 23, 59, 73
List the prime factors of 214261.
167, 1283
List the prime factors of 3284663.
19, 172877
What are the prime factors of 3542780?
2, 5, 307, 577
List the prime factors of 25353390.
2, 3, 5, 71, 11903
What are the prime factors of 3889279?
3889279
List the prime factors of 2917973.
2917973
List the prime factors of 1852090.
2, 5, 89, 2081
What are the prime factors of 841730?
2, 5, 41, 2053
List the prime factors of 2362840.
2, 5, 19, 3109
What are the prime factors of 3951371?
3951371
What are the prime factors of 1542693?
3, 233, 2207
What are the prime factors of 65585?
5, 13, 1009
What are the prime factors of 128784?
2, 3, 2683
List the prime factors of 13249842.
2, 3, 401, 5507
What are the prime factors of 1698394?
2, 849197
List the prime factors of 19371179.
139, 139361
List the prime factors of 3365374.
2, 439, 3833
List the prime factors of 3254304.
2, 3, 109, 311
List the prime factors of 10676820.
2, 3, 5, 7, 11, 2311
List the prime factors of 1545813.
3, 171757
List the prime factors of 440972.
2, 7, 15749
List the prime factors of 790394.
2, 11, 37, 971
List the prime factors of 479689.
7, 17, 29, 139
What are the prime factors of 302190?
2, 3, 5, 7, 1439
List the prime factors of 221453.
221453
What are the prime factors of 414136?
2, 51767
List the prime factors of 6092684.
2, 13, 117167
List the prime factors of 1432707.
3, 61, 7829
What are the prime factors of 3255176?
2, 109, 3733
What are the prime factors of 998411?
998411
List the prime factors of 3981824.
2, 7, 11, 101
List the prime factors of 5868416.
2, 19, 127
What are the prime factors of 72382?
2, 36191
What are the prime factors of 9268481?
53, 174877
List the prime factors of 1667145.
3, 5, 111143
List the prime factors of 570440.
2, 5, 13, 1097
What are the prime factors of 1660363?
191, 8693
What are the prime factors of 1837150?
2, 5, 7, 29, 181
List the prime factors of 11196897.
3, 17, 219547
List the prime factors of 718443.
3, 11, 41, 59
List the prime factors of 433142.
2, 216571
List the prime factors of 1021356.
2, 3, 7, 193
List the prime factors of 3219504.
2, 3, 67073
List the prime factors of 234488.
2, 29311
What are the prime factors of 1948439?
53, 97, 379
List the prime factors of 418793.
418793
List th